{"id":996,"date":"2021-07-21T15:24:41","date_gmt":"2021-07-21T13:24:41","guid":{"rendered":"https:\/\/sweekie.com\/?post_type=product&#038;p=996"},"modified":"2022-01-05T22:32:12","modified_gmt":"2022-01-05T21:32:12","slug":"biscuit-napolitain-sac","status":"publish","type":"product","link":"https:\/\/sweekie.com\/index.php\/produit\/biscuit-napolitain-sac\/","title":{"rendered":"Biscuit napolitain (sac)"},"content":{"rendered":"<h5 style=\"text-align: center;\"><strong><em>Sac biscuit napolitain\u00a0<\/em><\/strong><\/h5>\n<p style=\"text-align: center;\">Le sac en forme de biscuit napolitain est enti\u00e8rement r\u00e9alis\u00e9 et peint \u00e0 la main dans notre atelier fran\u00e7ais. Chaque pi\u00e8ce est unique et originale, r\u00e9alis\u00e9e avec amour et passion.<br \/>\nEmportez fi\u00e8rement, partout avec vous, cette sp\u00e9cialit\u00e9 de la biscuiterie fran\u00e7aise (ou am\u00e9ricaine, selon les versions!), pour faire baver d\u2019envie toutes les personnes que vous rencontrez!<br \/>\nSucc\u00e8s garanti aupr\u00e8s de vos amis ou des passants que vous croiserez dans la rue!<br \/>\nDisponible \u00e9galement en version\u00a0<a href=\"https:\/\/sweekie.com\/index.php\/produit\/snack-cookie-bag-sac-biscuit-gouter\/\">biscuit go\u00fbter sourire<\/a>!<\/p>\n<p style=\"text-align: center;\">Sculpt\u00e9 dans une p\u00e2te dure, l\u2019int\u00e9rieur de ce sac est creux, ce qui permet d\u2019y glisser facilement tous vos effets personnels.<br \/>\nLe dos du sac est recouvert d\u2019un similicuir de qualit\u00e9, d\u2019une couleur assortie au sac (marron), que vous pouvez ouvrir gr\u00e2ce \u00e0 une fermeture \u00e9clair blanche.<br \/>\nVous pouvez porter votre sac gr\u00e2ce \u00e0 une anse en cha\u00eene dor\u00e9e de 120cm.<br \/>\nLe sac biscuit napolitain est un grand format, il est tr\u00e8s spacieux. Vous pourrez glisser vos effets personnels, comme de la monnaie, une carte bancaire, des cl\u00e9s, ainsi que votre smartphone par exemple.<\/p>\n<p style=\"text-align: center;\">Le d\u00e9lai de fabrication est aujourd\u2019hui de 4 \u00e0 6 semaines.<\/p>\n<p style=\"text-align: center;\">Vous avez une une envie particuli\u00e8re? Vous souhaitez un sac personnalis\u00e9? Contactez nous sur notre\u00a0<a href=\"https:\/\/sweekie.com\/index.php\/contact\/\">formulaire de contact<\/a>\u00a0ou sur\u00a0<a href=\"https:\/\/www.instagram.com\/sweekie.purse\/\">instagram<\/a>.<\/p>\n","protected":false},"excerpt":{"rendered":"<p>Sac biscuit napolitain\u00a0 Le sac en forme de biscuit napolitain est enti\u00e8rement r\u00e9alis\u00e9 et peint \u00e0 la main dans notre atelier fran\u00e7ais. Chaque pi\u00e8ce est unique et originale, r\u00e9alis\u00e9e avec amour et passion. Emportez fi\u00e8rement, partout avec vous, cette sp\u00e9cialit\u00e9 de la biscuiterie fran\u00e7aise (ou am\u00e9ricaine, selon les versions!), pour faire baver d\u2019envie toutes les [&hellip;]<\/p>\n","protected":false},"featured_media":1067,"template":"","meta":[],"product_cat":[15,23],"product_tag":[198,197,196,203],"class_list":["post-996","product","type-product","status-publish","has-post-thumbnail","hentry","product_cat-tous-les-produits","product_cat-sacs","product_tag-sac-a-main-biscuit","product_tag-sac-a-main-gateau","product_tag-sac-a-main-original","product_tag-sac-a-main-sweekie"],"yoast_head":"<!-- This site is optimized with the Yoast SEO plugin v20.12 - https:\/\/yoast.com\/wordpress\/plugins\/seo\/ -->\n<title>Biscuit napolitain (sac) - Sweekie<\/title>\n<meta name=\"description\" content=\"Sac biscuit napolitain - r\u00e9alis\u00e9 \u00e0 la main et avec amour dans notre atelier Fran\u00e7ais - semble sortir tout droit du paquet de biscuits\" \/>\n<meta name=\"robots\" content=\"index, follow, max-snippet:-1, max-image-preview:large, max-video-preview:-1\" \/>\n<link rel=\"canonical\" href=\"https:\/\/sweekie.com\/index.php\/produit\/biscuit-napolitain-sac\/\" \/>\n<meta property=\"og:locale\" content=\"fr_FR\" \/>\n<meta property=\"og:type\" content=\"article\" \/>\n<meta property=\"og:title\" content=\"Biscuit napolitain (sac) - Sweekie\" \/>\n<meta property=\"og:description\" content=\"Sac biscuit napolitain - r\u00e9alis\u00e9 \u00e0 la main et avec amour dans notre atelier Fran\u00e7ais - semble sortir tout droit du paquet de biscuits\" \/>\n<meta property=\"og:url\" content=\"https:\/\/sweekie.com\/index.php\/produit\/biscuit-napolitain-sac\/\" \/>\n<meta property=\"og:site_name\" content=\"Sweekie\" \/>\n<meta property=\"article:modified_time\" content=\"2022-01-05T21:32:12+00:00\" \/>\n<meta property=\"og:image\" content=\"https:\/\/sweekie.com\/wp-content\/uploads\/2021\/07\/sac-bag-napolitain-sweekie-2-scaled.jpg\" \/>\n\t<meta property=\"og:image:width\" content=\"1877\" \/>\n\t<meta property=\"og:image:height\" content=\"2560\" \/>\n\t<meta property=\"og:image:type\" content=\"image\/jpeg\" \/>\n<meta name=\"twitter:card\" content=\"summary_large_image\" \/>\n<meta name=\"twitter:label1\" content=\"Dur\u00e9e de lecture estim\u00e9e\" \/>\n\t<meta name=\"twitter:data1\" content=\"1 minute\" \/>\n<script type=\"application\/ld+json\" class=\"yoast-schema-graph\">{\"@context\":\"https:\/\/schema.org\",\"@graph\":[{\"@type\":\"WebPage\",\"@id\":\"https:\/\/sweekie.com\/index.php\/produit\/biscuit-napolitain-sac\/\",\"url\":\"https:\/\/sweekie.com\/index.php\/produit\/biscuit-napolitain-sac\/\",\"name\":\"Biscuit napolitain (sac) - Sweekie\",\"isPartOf\":{\"@id\":\"https:\/\/sweekie.com\/#website\"},\"datePublished\":\"2021-07-21T13:24:41+00:00\",\"dateModified\":\"2022-01-05T21:32:12+00:00\",\"description\":\"Sac biscuit napolitain - r\u00e9alis\u00e9 \u00e0 la main et avec amour dans notre atelier Fran\u00e7ais - semble sortir tout droit du paquet de biscuits\",\"breadcrumb\":{\"@id\":\"https:\/\/sweekie.com\/index.php\/produit\/biscuit-napolitain-sac\/#breadcrumb\"},\"inLanguage\":\"fr-FR\",\"potentialAction\":[{\"@type\":\"ReadAction\",\"target\":[\"https:\/\/sweekie.com\/index.php\/produit\/biscuit-napolitain-sac\/\"]}]},{\"@type\":\"BreadcrumbList\",\"@id\":\"https:\/\/sweekie.com\/index.php\/produit\/biscuit-napolitain-sac\/#breadcrumb\",\"itemListElement\":[{\"@type\":\"ListItem\",\"position\":1,\"name\":\"Accueil\",\"item\":\"https:\/\/sweekie.com\/\"},{\"@type\":\"ListItem\",\"position\":2,\"name\":\"Boutique\",\"item\":\"https:\/\/sweekie.com\/index.php\/sweekie-boutique\/\"},{\"@type\":\"ListItem\",\"position\":3,\"name\":\"Biscuit napolitain (sac)\"}]},{\"@type\":\"WebSite\",\"@id\":\"https:\/\/sweekie.com\/#website\",\"url\":\"https:\/\/sweekie.com\/\",\"name\":\"Sweekie\",\"description\":\"La gourmandise \u00e0 la Fran\u00e7aise!\",\"publisher\":{\"@id\":\"https:\/\/sweekie.com\/#organization\"},\"potentialAction\":[{\"@type\":\"SearchAction\",\"target\":{\"@type\":\"EntryPoint\",\"urlTemplate\":\"https:\/\/sweekie.com\/?s={search_term_string}\"},\"query-input\":\"required name=search_term_string\"}],\"inLanguage\":\"fr-FR\"},{\"@type\":\"Organization\",\"@id\":\"https:\/\/sweekie.com\/#organization\",\"name\":\"Sweekie\",\"url\":\"https:\/\/sweekie.com\/\",\"logo\":{\"@type\":\"ImageObject\",\"inLanguage\":\"fr-FR\",\"@id\":\"https:\/\/sweekie.com\/#\/schema\/logo\/image\/\",\"url\":\"https:\/\/sweekie.com\/wp-content\/uploads\/2021\/03\/cropped-logo-drapeau-1.png\",\"contentUrl\":\"https:\/\/sweekie.com\/wp-content\/uploads\/2021\/03\/cropped-logo-drapeau-1.png\",\"width\":512,\"height\":512,\"caption\":\"Sweekie\"},\"image\":{\"@id\":\"https:\/\/sweekie.com\/#\/schema\/logo\/image\/\"}}]}<\/script>\n<!-- \/ Yoast SEO plugin. -->","yoast_head_json":{"title":"Biscuit napolitain (sac) - Sweekie","description":"Sac biscuit napolitain - r\u00e9alis\u00e9 \u00e0 la main et avec amour dans notre atelier Fran\u00e7ais - semble sortir tout droit du paquet de biscuits","robots":{"index":"index","follow":"follow","max-snippet":"max-snippet:-1","max-image-preview":"max-image-preview:large","max-video-preview":"max-video-preview:-1"},"canonical":"https:\/\/sweekie.com\/index.php\/produit\/biscuit-napolitain-sac\/","og_locale":"fr_FR","og_type":"article","og_title":"Biscuit napolitain (sac) - Sweekie","og_description":"Sac biscuit napolitain - r\u00e9alis\u00e9 \u00e0 la main et avec amour dans notre atelier Fran\u00e7ais - semble sortir tout droit du paquet de biscuits","og_url":"https:\/\/sweekie.com\/index.php\/produit\/biscuit-napolitain-sac\/","og_site_name":"Sweekie","article_modified_time":"2022-01-05T21:32:12+00:00","og_image":[{"width":1877,"height":2560,"url":"https:\/\/sweekie.com\/wp-content\/uploads\/2021\/07\/sac-bag-napolitain-sweekie-2-scaled.jpg","type":"image\/jpeg"}],"twitter_card":"summary_large_image","twitter_misc":{"Dur\u00e9e de lecture estim\u00e9e":"1 minute"},"schema":{"@context":"https:\/\/schema.org","@graph":[{"@type":"WebPage","@id":"https:\/\/sweekie.com\/index.php\/produit\/biscuit-napolitain-sac\/","url":"https:\/\/sweekie.com\/index.php\/produit\/biscuit-napolitain-sac\/","name":"Biscuit napolitain (sac) - Sweekie","isPartOf":{"@id":"https:\/\/sweekie.com\/#website"},"datePublished":"2021-07-21T13:24:41+00:00","dateModified":"2022-01-05T21:32:12+00:00","description":"Sac biscuit napolitain - r\u00e9alis\u00e9 \u00e0 la main et avec amour dans notre atelier Fran\u00e7ais - semble sortir tout droit du paquet de biscuits","breadcrumb":{"@id":"https:\/\/sweekie.com\/index.php\/produit\/biscuit-napolitain-sac\/#breadcrumb"},"inLanguage":"fr-FR","potentialAction":[{"@type":"ReadAction","target":["https:\/\/sweekie.com\/index.php\/produit\/biscuit-napolitain-sac\/"]}]},{"@type":"BreadcrumbList","@id":"https:\/\/sweekie.com\/index.php\/produit\/biscuit-napolitain-sac\/#breadcrumb","itemListElement":[{"@type":"ListItem","position":1,"name":"Accueil","item":"https:\/\/sweekie.com\/"},{"@type":"ListItem","position":2,"name":"Boutique","item":"https:\/\/sweekie.com\/index.php\/sweekie-boutique\/"},{"@type":"ListItem","position":3,"name":"Biscuit napolitain (sac)"}]},{"@type":"WebSite","@id":"https:\/\/sweekie.com\/#website","url":"https:\/\/sweekie.com\/","name":"Sweekie","description":"La gourmandise \u00e0 la Fran\u00e7aise!","publisher":{"@id":"https:\/\/sweekie.com\/#organization"},"potentialAction":[{"@type":"SearchAction","target":{"@type":"EntryPoint","urlTemplate":"https:\/\/sweekie.com\/?s={search_term_string}"},"query-input":"required name=search_term_string"}],"inLanguage":"fr-FR"},{"@type":"Organization","@id":"https:\/\/sweekie.com\/#organization","name":"Sweekie","url":"https:\/\/sweekie.com\/","logo":{"@type":"ImageObject","inLanguage":"fr-FR","@id":"https:\/\/sweekie.com\/#\/schema\/logo\/image\/","url":"https:\/\/sweekie.com\/wp-content\/uploads\/2021\/03\/cropped-logo-drapeau-1.png","contentUrl":"https:\/\/sweekie.com\/wp-content\/uploads\/2021\/03\/cropped-logo-drapeau-1.png","width":512,"height":512,"caption":"Sweekie"},"image":{"@id":"https:\/\/sweekie.com\/#\/schema\/logo\/image\/"}}]}},"_links":{"self":[{"href":"https:\/\/sweekie.com\/index.php\/wp-json\/wp\/v2\/product\/996"}],"collection":[{"href":"https:\/\/sweekie.com\/index.php\/wp-json\/wp\/v2\/product"}],"about":[{"href":"https:\/\/sweekie.com\/index.php\/wp-json\/wp\/v2\/types\/product"}],"wp:featuredmedia":[{"embeddable":true,"href":"https:\/\/sweekie.com\/index.php\/wp-json\/wp\/v2\/media\/1067"}],"wp:attachment":[{"href":"https:\/\/sweekie.com\/index.php\/wp-json\/wp\/v2\/media?parent=996"}],"wp:term":[{"taxonomy":"product_cat","embeddable":true,"href":"https:\/\/sweekie.com\/index.php\/wp-json\/wp\/v2\/product_cat?post=996"},{"taxonomy":"product_tag","embeddable":true,"href":"https:\/\/sweekie.com\/index.php\/wp-json\/wp\/v2\/product_tag?post=996"}],"curies":[{"name":"wp","href":"https:\/\/api.w.org\/{rel}","templated":true}]}}