{"id":1699,"date":"2022-09-18T10:10:56","date_gmt":"2022-09-18T08:10:56","guid":{"rendered":"https:\/\/sweekie.com\/?post_type=product&#038;p=1699"},"modified":"2022-09-18T10:14:36","modified_gmt":"2022-09-18T08:14:36","slug":"citron-beret","status":"publish","type":"product","link":"https:\/\/sweekie.com\/index.php\/produit\/citron-beret\/","title":{"rendered":"Citron &#8211; b\u00e9ret"},"content":{"rendered":"<h2 style=\"text-align: center;\"><em><strong>B\u00e9ret Citron<\/strong><\/em><\/h2>\n<p style=\"text-align: center;\"><b><i>B\u00e9ret citron<\/i><\/b><\/p>\n<p style=\"text-align: center;\">Les b\u00e9rets sont r\u00e9alis\u00e9s \u00e0 partir d&#8217;un b\u00e9ret classique, taille unique de 58cm, 100% acrylique, customis\u00e9s \u00e0 la main \u00e0 l&#8217;aide de laine feutr\u00e9e dans notre atelier fran\u00e7ais.<\/p>\n<p style=\"text-align: center;\">Succ\u00e8s garanti avec nos b\u00e9rets !<br \/>\nArborez fi\u00e8rement ce citron sur votre t\u00eate !<br \/>\nAussi original qu&#8217;il est gourmand, les gens que vous croisez se retourneront sur vous pour admirer ce petit d\u00e9tail de votre tenue, le d\u00e9tail qui tue !<br \/>\nUn accessoire qui vous permet de customiser vos coiffures en quelques instants.<\/p>\n<p style=\"text-align: center;\">Le d\u00e9lai de fabrication est aujourd\u2019hui de 3 semaines pour les b\u00e9rets.<br \/>\nIls vous seront envoy\u00e9s en lettre suivie pour plus de s\u00e9curit\u00e9. Les frais de port sont offerts.<\/p>\n<p style=\"text-align: center;\">Vous avez une une envie particuli\u00e8re? Vous souhaitez des b\u00e9rets personnalis\u00e9s ? Contactez nous sur notre\u00a0<a href=\"https:\/\/sweekie.com\/index.php\/contact\/\">formulaire de contact<\/a>\u00a0ou sur\u00a0<a href=\"https:\/\/www.instagram.com\/sweekie.purse\/\">instagram<\/a>.<\/p>\n<p style=\"text-align: center;\">\n","protected":false},"excerpt":{"rendered":"<p>B\u00e9ret Citron B\u00e9ret citron Les b\u00e9rets sont r\u00e9alis\u00e9s \u00e0 partir d&#8217;un b\u00e9ret classique, taille unique de 58cm, 100% acrylique, customis\u00e9s \u00e0 la main \u00e0 l&#8217;aide de laine feutr\u00e9e dans notre atelier fran\u00e7ais. Succ\u00e8s garanti avec nos b\u00e9rets ! Arborez fi\u00e8rement ce citron sur votre t\u00eate ! Aussi original qu&#8217;il est gourmand, les gens que vous [&hellip;]<\/p>\n","protected":false},"featured_media":1666,"template":"","meta":[],"product_cat":[15,229],"product_tag":[245,242,232,230,235,234],"class_list":["post-1699","product","type-product","status-publish","has-post-thumbnail","hentry","product_cat-tous-les-produits","product_cat-berets","product_tag-beret-citron","product_tag-beret-fruit","product_tag-beret-gourmand","product_tag-beret-original","product_tag-beret-sweekie","product_tag-twiggy"],"yoast_head":"<!-- This site is optimized with the Yoast SEO plugin v20.12 - https:\/\/yoast.com\/wordpress\/plugins\/seo\/ -->\n<title>Citron - b\u00e9ret - Sweekie<\/title>\n<meta name=\"description\" content=\"Citron - b\u00e9ret - b\u00e9ret classique 100% acrylique, taille unique, tour de t\u00eate 58cm, customis\u00e9 avec laine feutr\u00e9e\" \/>\n<meta name=\"robots\" content=\"index, follow, max-snippet:-1, max-image-preview:large, max-video-preview:-1\" \/>\n<link rel=\"canonical\" href=\"https:\/\/sweekie.com\/index.php\/produit\/citron-beret\/\" \/>\n<meta property=\"og:locale\" content=\"fr_FR\" \/>\n<meta property=\"og:type\" content=\"article\" \/>\n<meta property=\"og:title\" content=\"Citron - b\u00e9ret - Sweekie\" \/>\n<meta property=\"og:description\" content=\"Citron - b\u00e9ret - b\u00e9ret classique 100% acrylique, taille unique, tour de t\u00eate 58cm, customis\u00e9 avec laine feutr\u00e9e\" \/>\n<meta property=\"og:url\" content=\"https:\/\/sweekie.com\/index.php\/produit\/citron-beret\/\" \/>\n<meta property=\"og:site_name\" content=\"Sweekie\" \/>\n<meta property=\"article:modified_time\" content=\"2022-09-18T08:14:36+00:00\" \/>\n<meta property=\"og:image\" content=\"https:\/\/sweekie.com\/wp-content\/uploads\/2022\/09\/beret-dos-citron-sweekie-scaled.jpg\" \/>\n\t<meta property=\"og:image:width\" content=\"2542\" \/>\n\t<meta property=\"og:image:height\" content=\"2560\" \/>\n\t<meta property=\"og:image:type\" content=\"image\/jpeg\" \/>\n<meta name=\"twitter:card\" content=\"summary_large_image\" \/>\n<meta name=\"twitter:label1\" content=\"Dur\u00e9e de lecture estim\u00e9e\" \/>\n\t<meta name=\"twitter:data1\" content=\"1 minute\" \/>\n<script type=\"application\/ld+json\" class=\"yoast-schema-graph\">{\"@context\":\"https:\/\/schema.org\",\"@graph\":[{\"@type\":\"WebPage\",\"@id\":\"https:\/\/sweekie.com\/index.php\/produit\/citron-beret\/\",\"url\":\"https:\/\/sweekie.com\/index.php\/produit\/citron-beret\/\",\"name\":\"Citron - b\u00e9ret - Sweekie\",\"isPartOf\":{\"@id\":\"https:\/\/sweekie.com\/#website\"},\"datePublished\":\"2022-09-18T08:10:56+00:00\",\"dateModified\":\"2022-09-18T08:14:36+00:00\",\"description\":\"Citron - b\u00e9ret - b\u00e9ret classique 100% acrylique, taille unique, tour de t\u00eate 58cm, customis\u00e9 avec laine feutr\u00e9e\",\"breadcrumb\":{\"@id\":\"https:\/\/sweekie.com\/index.php\/produit\/citron-beret\/#breadcrumb\"},\"inLanguage\":\"fr-FR\",\"potentialAction\":[{\"@type\":\"ReadAction\",\"target\":[\"https:\/\/sweekie.com\/index.php\/produit\/citron-beret\/\"]}]},{\"@type\":\"BreadcrumbList\",\"@id\":\"https:\/\/sweekie.com\/index.php\/produit\/citron-beret\/#breadcrumb\",\"itemListElement\":[{\"@type\":\"ListItem\",\"position\":1,\"name\":\"Accueil\",\"item\":\"https:\/\/sweekie.com\/\"},{\"@type\":\"ListItem\",\"position\":2,\"name\":\"Boutique\",\"item\":\"https:\/\/sweekie.com\/index.php\/sweekie-boutique\/\"},{\"@type\":\"ListItem\",\"position\":3,\"name\":\"Citron &#8211; b\u00e9ret\"}]},{\"@type\":\"WebSite\",\"@id\":\"https:\/\/sweekie.com\/#website\",\"url\":\"https:\/\/sweekie.com\/\",\"name\":\"Sweekie\",\"description\":\"La gourmandise \u00e0 la Fran\u00e7aise!\",\"publisher\":{\"@id\":\"https:\/\/sweekie.com\/#organization\"},\"potentialAction\":[{\"@type\":\"SearchAction\",\"target\":{\"@type\":\"EntryPoint\",\"urlTemplate\":\"https:\/\/sweekie.com\/?s={search_term_string}\"},\"query-input\":\"required name=search_term_string\"}],\"inLanguage\":\"fr-FR\"},{\"@type\":\"Organization\",\"@id\":\"https:\/\/sweekie.com\/#organization\",\"name\":\"Sweekie\",\"url\":\"https:\/\/sweekie.com\/\",\"logo\":{\"@type\":\"ImageObject\",\"inLanguage\":\"fr-FR\",\"@id\":\"https:\/\/sweekie.com\/#\/schema\/logo\/image\/\",\"url\":\"https:\/\/sweekie.com\/wp-content\/uploads\/2021\/03\/cropped-logo-drapeau-1.png\",\"contentUrl\":\"https:\/\/sweekie.com\/wp-content\/uploads\/2021\/03\/cropped-logo-drapeau-1.png\",\"width\":512,\"height\":512,\"caption\":\"Sweekie\"},\"image\":{\"@id\":\"https:\/\/sweekie.com\/#\/schema\/logo\/image\/\"}}]}<\/script>\n<!-- \/ Yoast SEO plugin. -->","yoast_head_json":{"title":"Citron - b\u00e9ret - Sweekie","description":"Citron - b\u00e9ret - b\u00e9ret classique 100% acrylique, taille unique, tour de t\u00eate 58cm, customis\u00e9 avec laine feutr\u00e9e","robots":{"index":"index","follow":"follow","max-snippet":"max-snippet:-1","max-image-preview":"max-image-preview:large","max-video-preview":"max-video-preview:-1"},"canonical":"https:\/\/sweekie.com\/index.php\/produit\/citron-beret\/","og_locale":"fr_FR","og_type":"article","og_title":"Citron - b\u00e9ret - Sweekie","og_description":"Citron - b\u00e9ret - b\u00e9ret classique 100% acrylique, taille unique, tour de t\u00eate 58cm, customis\u00e9 avec laine feutr\u00e9e","og_url":"https:\/\/sweekie.com\/index.php\/produit\/citron-beret\/","og_site_name":"Sweekie","article_modified_time":"2022-09-18T08:14:36+00:00","og_image":[{"width":2542,"height":2560,"url":"https:\/\/sweekie.com\/wp-content\/uploads\/2022\/09\/beret-dos-citron-sweekie-scaled.jpg","type":"image\/jpeg"}],"twitter_card":"summary_large_image","twitter_misc":{"Dur\u00e9e de lecture estim\u00e9e":"1 minute"},"schema":{"@context":"https:\/\/schema.org","@graph":[{"@type":"WebPage","@id":"https:\/\/sweekie.com\/index.php\/produit\/citron-beret\/","url":"https:\/\/sweekie.com\/index.php\/produit\/citron-beret\/","name":"Citron - b\u00e9ret - Sweekie","isPartOf":{"@id":"https:\/\/sweekie.com\/#website"},"datePublished":"2022-09-18T08:10:56+00:00","dateModified":"2022-09-18T08:14:36+00:00","description":"Citron - b\u00e9ret - b\u00e9ret classique 100% acrylique, taille unique, tour de t\u00eate 58cm, customis\u00e9 avec laine feutr\u00e9e","breadcrumb":{"@id":"https:\/\/sweekie.com\/index.php\/produit\/citron-beret\/#breadcrumb"},"inLanguage":"fr-FR","potentialAction":[{"@type":"ReadAction","target":["https:\/\/sweekie.com\/index.php\/produit\/citron-beret\/"]}]},{"@type":"BreadcrumbList","@id":"https:\/\/sweekie.com\/index.php\/produit\/citron-beret\/#breadcrumb","itemListElement":[{"@type":"ListItem","position":1,"name":"Accueil","item":"https:\/\/sweekie.com\/"},{"@type":"ListItem","position":2,"name":"Boutique","item":"https:\/\/sweekie.com\/index.php\/sweekie-boutique\/"},{"@type":"ListItem","position":3,"name":"Citron &#8211; b\u00e9ret"}]},{"@type":"WebSite","@id":"https:\/\/sweekie.com\/#website","url":"https:\/\/sweekie.com\/","name":"Sweekie","description":"La gourmandise \u00e0 la Fran\u00e7aise!","publisher":{"@id":"https:\/\/sweekie.com\/#organization"},"potentialAction":[{"@type":"SearchAction","target":{"@type":"EntryPoint","urlTemplate":"https:\/\/sweekie.com\/?s={search_term_string}"},"query-input":"required name=search_term_string"}],"inLanguage":"fr-FR"},{"@type":"Organization","@id":"https:\/\/sweekie.com\/#organization","name":"Sweekie","url":"https:\/\/sweekie.com\/","logo":{"@type":"ImageObject","inLanguage":"fr-FR","@id":"https:\/\/sweekie.com\/#\/schema\/logo\/image\/","url":"https:\/\/sweekie.com\/wp-content\/uploads\/2021\/03\/cropped-logo-drapeau-1.png","contentUrl":"https:\/\/sweekie.com\/wp-content\/uploads\/2021\/03\/cropped-logo-drapeau-1.png","width":512,"height":512,"caption":"Sweekie"},"image":{"@id":"https:\/\/sweekie.com\/#\/schema\/logo\/image\/"}}]}},"_links":{"self":[{"href":"https:\/\/sweekie.com\/index.php\/wp-json\/wp\/v2\/product\/1699"}],"collection":[{"href":"https:\/\/sweekie.com\/index.php\/wp-json\/wp\/v2\/product"}],"about":[{"href":"https:\/\/sweekie.com\/index.php\/wp-json\/wp\/v2\/types\/product"}],"wp:featuredmedia":[{"embeddable":true,"href":"https:\/\/sweekie.com\/index.php\/wp-json\/wp\/v2\/media\/1666"}],"wp:attachment":[{"href":"https:\/\/sweekie.com\/index.php\/wp-json\/wp\/v2\/media?parent=1699"}],"wp:term":[{"taxonomy":"product_cat","embeddable":true,"href":"https:\/\/sweekie.com\/index.php\/wp-json\/wp\/v2\/product_cat?post=1699"},{"taxonomy":"product_tag","embeddable":true,"href":"https:\/\/sweekie.com\/index.php\/wp-json\/wp\/v2\/product_tag?post=1699"}],"curies":[{"name":"wp","href":"https:\/\/api.w.org\/{rel}","templated":true}]}}